 - 10*s - 10. Suppose -62*l + 66*l - 92 = 0. Let n(d) = -d**3 + 23*d**2 - 3*d + 60. Let b be n(l). What is c(b)?
-1
Let i(v) be the second derivative of -v**3/6 + 8*v**2 - 3*v - 203. Give i(24).
-8
Let t(n) = -n**3 - 2*n - 951 + 1806 - 908 - 20*n**2. Calculate t(-20).
-13
Suppose 12*a = 7*a + 30. Suppose 0 = a*m - 9 - 15. Let w(f) = 4 - f + 7 - 3 - m. What is w(4)?
0
Let j(s) be the first derivative of -s**5/60 + s**4/6 + s**3 + 51*s**2/2 - 119. Let n(z) be the second derivative of j(z). Determine n(7).
-15
Let m = 43395 + -43401. Let f(s) = -15*s**3 - 89*s**2 + 7*s - 2. What is f(m)?
-8
Suppose 4*h = -2*z + 22, -3*h - 3 = -3*z - 2*z. Let s = z - 11. Let k(p) = 20*p - 6 - 10*p - 2 - 12*p - 1. What is k(s)?
7
Let i be -9 + (-980)/80*(-6)/7. Let n(h) be the third derivative of 0 + 11*h**2 + 0*h - 3/8*h**4 - i*h**3 + 1/60*h**5. What is n(9)?
-9
Let g be 12/(-96) - (-50)/16. Suppose 0 = -4*m - 3 - 5. Let h(s) = -s**2 - 1. Let f(v) = 6*v**2 + 7. Let y(t) = m*f(t) - 14*h(t). What is y(g)?
18
Let j be -5 + (2/6)/((-2)/36). Let q(i) = -4*i**3 + 12*i**2 + 7*i + 18. Let m(l) = 5*l**3 - 12*l**2 - 6*l - 19. Let k(u) = -5*m(u) - 6*q(u). Determine k(j).
-2
Suppose 25 - 19 = 3*z. Let k(g) = 8*g**2 + 3*g + z + 0*g - 1 - g. What is k(-1)?
7
Let g(s) = s**3 + 6*s**2 - 9*s - 10. Suppose -4*c - 3*z = -0*z + 75, -2*c - 34 = -2*z. Let u = -25 - c. What is g(u)?
4
Suppose 60 = -14*o + 34*o. Let q(h) = -23*h**2 + 17*h**2 + 1 - 3*h + 9*h**2 + 5*h - h**o. What is q(4)?
-7
Let b(u) = 4*u - 6. Suppose 0 = -3*v - 0*z + 2*z + 28, 0 = v - 4*z - 26. Let m be 328/(-738)*v/4*-6. Calculate b(m).
10
Let v = 4 - 11. Suppose 5*d = -k + 176, -4*d + 2*k + 44 = -3*d. Let s(w) = -30*w + 101*w - 34*w - d*w + 2. Calculate s(v).
-5
Let w(r) = r - 218 - 4*r + 434*r**3 + 224 - 435*r**3 - 16*r**2 - 13*r. Calculate w(-15).
21
Let d(j) = -j**3 - 7*j**2 - 5*j - 34. Let m be (-4)/30 + -6*(-206)/(-180). What is d(m)?
1
Suppose d - 42 = 8*d. Let b be (-13 - d)*7/1. Let x = 48 + b. Let k(s) = 3*s - 1. Determine k(x).
-4
Let n = 5513/2 - 2756. Let s(r) be the first derivative of -r - 11 + n*r**2. Give s(0).
-1
Let x = 96 + -66. Suppose -2*f + 7*f + x = 0. Let q(y) = -52*y**2 - 2 + y**3 + 2*y - 38*y**2 + 96*y**2. Determine q(f).
-14
Let d(x) = -2*x - 10. Suppose 12 = 4*k + 4*u, 2*k + 12 = -12*u + 16*u. Suppose 2*a - 3*a - 23 = -5*t, -4*a - 2*t - 26 = k. Determine d(a).
6
Let c(l) = l**3 - 5*l**2 - 6*l + 7. Let n(x) = -9*x - 2. Let a be n(-7). Let w = -103 - -48. Let q = w + a. Calculate c(q).
7
Let g = 237 - 236. Let a be 48 - 46 - ((g - 0) + -4). Let z(i) = -i**3 + 4*i**2 + 5*i + 7. Calculate z(a).
7
Let g(f) = -f - 11. Let u(p) = 6*p + 54. Let h(b) = -16*g(b) - 3*u(b). Let v = 367486 + -367479. Give h(v).
0
Let i(g) = g**3 + 4*g**2 + 3*g - 2. Suppose 109 = 16*q - 595. Let s be 1/2 + (-154)/q. Calculate i(s).
-2
Let i(r) = 15*r + 5 + 62287*r**2 - 2 - 62288*r**2. Determine i(15).
3
Let y(q) = -3*q - 5. Suppose 4*r + 1632 = -4*f, 4*f + 0*f + 1632 = -r. Let d = f - -402. Give y(d).
13
Let f = 398 + -356. Suppose 43*t = f*t. Let m(g) = -g**3 - g - 14. Determine m(t).
-14
Let x(k) = 43*k + 5. Let b be ((-525)/(-42) + (0 - 13))*-2. Give x(b).
48
Suppose -5 = -27*s - 32. Let o(v) = 16*v**3 + v**2 + 2*v + 1. Calculate o(s).
-16
Let k(t) = -548*t - 560*t + 6 + 1142*t. Give k(-4).
-130
Let z(x) = -x**3 - x**2 + x. Let l(r) = 9*r**3 - 2*r**3 + 4 - 4*r - 3*r - 2 + 11*r**2. Let p(u) = l(u) + 6*z(u). Give p(-5).
7
Let x be 52/8 - 3/2. Let z(t) = -5*t**3 + 12*t**2 + 4*t - 7. Let l(g) = -17*g**3 + 39*g**2 + 15*g - 22. Let b(u) = -2*l(u) + 7*z(u). Determine b(x).
10
Suppose 3*o - 5*p = 8 + 2, 3*o + 10 = p. Let y be 72/(-20) - (-2)/o. Let m(c) = -53*c + 2. Let a(d) = -38*d + 2. Let r(x) = 7*a(x) - 5*m(x). Calculate r(y).
8
Suppose 0 = -6*j + 26*j - 200. Let m(c) = c + 12. Give m(j).
22
Let s be -3*((-12)/(-4) - 4) - 3. Suppose 4*k + 20 = s, 4*n = -0*k + 5*k + 61. Suppose -7*q = -n*q - 6. Let z(x) = x**2 + 3*x - 2. Give z(q).
-2
Let h(o) be the third derivative of -o**8/20160 - o**7/1260 - o**6/240 - o**5/60 - o**4/4 + 152*o**2. Let k(n) be the third derivative of h(n). Give k(-3).
0
Let c(q) = -41*q + 8 - 17 - 15 - 32 - 23. Give c(-2).
3
Let c be (-20)/(-25) - 132/(-10). Let j be 6/30 - (-29)/5. Suppose -2*h + j = c. Let n(l) = -l**3 - 4*l**2 + 2*l + 1. What is n(h)?
-7
Suppose -41*k = 10*k - 714. Let p(w) = -4*w**2 + 43*w + 45. Let y(b) = -b**2 + 11*b + 11. Let m(s) = -2*p(s) + 9*y(s). What is m(k)?
-5
Let d be (0 + (-4 - -9))/(4 + -3). Suppose 11 = d*s + 1. Let r(b) = -35 + b**2 + 0*b**s + 30 - 7*b. Calculate r(4).
-17
Let g(n) = n**3 + 9*n**2 + 7*n - 8. Let l = 89 - 113. Let a be ((-12)/l)/(66/(-32) - -2). Calculate g(a).
0
Let m(c) = c**2 + 16*c + 57. Let r = 1682 - 1690. Calculate m(r).
-7
Let l(h) = -62 + h + 2 + 65 - 3. Let c be ((-6)/4)/((-21)/28). Give l(c).
4
Let f(o) = 26936*o**2 - 6*o - 4 - 8978*o**2 - 8978*o**2 - 8982*o**2. Let v be 9/(-2) - 2/(-4). Let z be v/3*(1 - -2). What is f(z)?
-12
Let u(v) be the second derivative of 1/6*v**3 - 3/2*v**2 - 2 - 8*v. Calculate u(0).
-3
Let v(w) = 15*w - 3*w - 4*w + w - 2 + 11*w. What is v(2)?
38
Suppose -9*s = -11 - 34. Suppose 5*o + 2*y + 15 + 9 = 0, s*y + 30 = -5*o. Let k(a) = -a**3 - 4*a**2. Determine k(o).
0
Let i(h) = 4*h + 9. Suppose -15*n = -10*n - 310. Let c = n - 58. Suppose c*o - 42 = 10*o. What is i(o)?
-19
Let n(a) = a**3 + 3*a**3 - 7*a**2 - 3*a**3. Let m(d) = 2*d**3 - 14*d**2. Let b(g) = -3*m(g) + 5*n(g). Let y be (-128)/(-22) + 1 + (-6)/(-33). What is b(y)?
0
Let f(p) = 2*p + 1. Let v be (-182)/(-35) + -6 - (-998)/10. Let x = v + -100. What is f(x)?
-1
Let x(k) be the first derivative of 5*k**2/2 - 117*k + 2121. Give x(26).
13
Let o(y) be the third derivative of y**6/120 - y**5/4 - 5*y**4/6 + 43*y**3/6 - 3*y**2 + y + 20. Calculate o(16).
-21
Let o(y) = -y - 9. Suppose -2*x - 4*k = 0, -15 = -12*x + 7*x + 5*k. Suppose 4*s + 11 = -x*n + 1, 0 = -4*n + s - 38. Give o(n).
0
Let m(k) = 13*k**3 + k**2 - 2*k + 13. Let w(u) = -2*u**3 - u**2 - u - 1. Let t(r) = -3*r**2 + 79*r - 32. Let j be t(26). Let l(a) = j*w(a) - m(a). What is l(6)?
5
Suppose 52*j = -14 - 90. Let z(s) = 2*s**3 + 4*s**2 + 6*s + 7. What is z(j)?
-5
Let k(o) = o**2 + o - 3. Suppose -6*l + 2*l + 21 = 3*j, -l - 6 = -3*j. Suppose 0 = 3*n + l*h - 48, 3*n - 23 = n + h. Suppose n*f = -6*f + 7*f. Calculate k(f).
-3
Let o(p) be the third derivative of p**5/60 - p**4/8 - 7*p**3/6 + 235*p**2 + 6. What is o(-6)?
47
Let r(z) be the second derivative of 5*z**4/12 + 37*z**3/3 - 7*z**2 + 150*z. Let d(j) = 2*j**2 + 25*j - 4. Let m(h) = -11*d(h) + 4*r(h). Calculate m(10).
-2
Let y(b) = -19*b + 8*b + 15*b - 3 + 16*b - 21*b. Suppose -2 = -4*k - 26. What is y(k)?
3
Let k(u) = 3 - 4*u + 6*u**2 + 1 + 64*u**3 + 2 - 135*u**3 + 70*u**3. What is k(2)?
14
Suppose -78*d + 47*d - 93 = 0. Let c(a) = -23*a - 77. Determine c(d).
-8
Let j(m) be the third derivative of m**7/1260 - m**6/120 + 31*m**5/10 - 8*m**2. Let r(d) be the third derivative of j(d). Determine r(7).
22
Let y(j) be the second derivative of -j**5/20 + 5*j**4/6 - 7*j**3/3 - 15*j**2/2 - 3*j - 355. Calculate y(8).
1
Let w be (12 - (11 + -9))*1/1. Suppose 40 - w = 6*i. Let z(t) = t**3 - 7*t**2 + 7*t - 4. What is z(i)?
-19
Let y(o) be the first derivative of -1/3*o**3 - 4*o - 1/2*o**2 + 119. Calculate y(0).
-4
Let t(l) = 41*l**3 - 7*l**2 + 21*l**2 - 16*l**3 + 21 + 13*l - 12*l**3 - 11*l**3. What is t(-6)?
15
Let u(v) = v**2 + 3*v - 4. Let q be u(-5). Let z(d) = 0 - 7*d**2 + 4*d**3 - 11*d - 5*d**3 + d**2 - 1 - q. What is z(-4)?
5
Let s(j) = -327*j**2 + 17*j + 213. Let d(m) = 41*m**2 - 2*m - 25. Let y(o) = -17*d(o) - 2*s(o). Calculate y(1).
-44
Let u(p) = -p**3 - 7*p + 9. Let z be u(1). Let c(m) = -546*m**2 + z + 545*m**2 + 7*m - 12*m. What is c(-6)?
-5
Let s(c) = -37 + 2 - 1035*c + 529*c + 510*c. Give s(7).
-7
Let s be (-207)/(-63) - (24/(-14) - -2). Suppose -2*y = s*y - 15. Let a(n) = -n + 7. Let z(w) = 2*w - 7. Let q(d) = y*z(d) + 4*a(d). What is q(-5)?
-3
Let u(r) = 57*r**3 + 155*r**2 + 173*r - 10. Let o(j) = 10*j**3 + 26*j**2 + 29*j - 1. Let c(k) = -23*o(k) + 4*u(k). Give c(12).
-5
Let d = 207901/60 + -3465. Let s(w) be the third derivative of 1/8*w**4 + 0*w + 8*w**2 + d*w**5 + 0 + 1/3*w**3. What is s(-2)?
0
Let h = -3424 + 3415. Let s(l) = -l**3 - 9*l**2 +